 = -2*n(l) - 9*q(l). What is c(18)?
3
Let c(m) = -2*m**2 - m + 3. Let x(a) = a**2 - 1. Let k(s) = -3*c(s) - 7*x(s). Let w = 46 + -41. Give k(w).
-12
Let s(r) = r**2 - 4*r - 3. Suppose 0 = -2*y + 4*y - 104. Let c be (-320)/(-52) + (-8)/y. Suppose -9 = -3*v + c. What is s(v)?
2
Let r(l) = l**2 + 3*l + 6. Let y(n) = -1. Let f be 2*1 + 17 + -22. Let w(x) = f*y(x) - r(x). What is w(-5)?
-13
Suppose -2*j + 5*u = 0, -5*u + 18 = 3*j - 32. Let p(c) = c**2 - 9*c - 11. Calculate p(j).
-1
Suppose 5*d = 5*l, -3*l - 3*d + 5 = -l. Suppose -l + 0 = 5*i + 3*p, -i = -5*p - 11. Let g(u) = 2*u - 1 + 7*u**2 + 3*u**2 + 4*u**2. Calculate g(i).
15
Let l = 40 + -23. Let b = 14 - l. Let i(d) = -3*d + 10. Let a(y) = 4*y - 15. Let z(x) = 5*a(x) + 7*i(x). Determine z(b).
-2
Let j = -281 - -281. Let c(h) = -h**3 - 2*h - 1. What is c(j)?
-1
Let c(l) = l**2 + 3*l - 12. Let n be (-36)/8*4/3. Give c(n).
6
Suppose -12 = -3*l - l. Let r(t) = 261 + l*t**2 - 262 - 2*t**2 - 6*t. Determine r(7).
6
Let q(g) be the third derivative of g**6/360 + 7*g**5/120 - g**4/6 + 17*g**3/6 - 19*g**2. Let l(u) be the first derivative of q(u). What is l(-5)?
-14
Suppose 0 = l - 489 + 490. Let x(k) = -3*k + 3. Calculate x(l).
6
Suppose 43 = 4*c + 31. Let f be (c/2)/(1/(-2)). Let k(u) = u + 1. Calculate k(f).
-2
Suppose -3*j + 7 = 4*v - 7, -j + 5*v - 8 = 0. Let n(m) = -m**2 + 2*m - 1. Calculate n(j).
-1
Let r(u) be the third derivative of u**4/24 + 8*u**3/3 + 2*u**2 - 22. What is r(-11)?
5
Suppose -4*c = 3*x - 7*c + 12, 3*x + 2*c = -7. Let g(u) = -u**3 - 3*u**2 - 4*u. Calculate g(x).
12
Let f(m) = 5*m**2. Suppose 53 = 12*a + 41. Determine f(a).
5
Let v(j) be the first derivative of -j**5/20 + j**4/4 + 5*j**3/6 - 3*j**2/2 - 12*j - 4. Let f(o) be the first derivative of v(o). Calculate f(4).
1
Let d(t) = -t**3 + 19*t**2 + 20*t - 4. Let o be (125/10 + -5)/((-3)/(-8)). Let n be d(o). Let q(k) = k + 5. Determine q(n).
1
Suppose -5*b = i - 5, 2*b + 5*i = 3*b - 27. Let m be ((-5)/5)/(2/b). Let p(k) = -4*k**2 - 1. Determine p(m).
-5
Let u(y) = 9*y + 29. Let o(w) = -7*w - 26. Let k(c) = 4*o(c) + 3*u(c). Calculate k(-12).
-5
Let h(p) = 5*p - 7. Let l(x) = 3*x - 2. Let m(f) = h(f) - 2*l(f). Determine m(7).
-10
Let z(i) = 47*i. Suppose 240*y - 251*y - 11 = 0. What is z(y)?
-47
Let r(m) = -m**3 - 14*m**2 + 16*m - 2. Let b be r(-15). Let q = -15 - b. Let z(c) = -11*c + 3. Calculate z(q).
-19
Let d(j) = 8*j**3 + 3*j**2 + 11*j - 12. Let u(l) = 3*l**3 + 2*l**2 + 5*l - 6. Let g(a) = -2*d(a) + 5*u(a). Suppose -3*z = -7*z + 16. Give g(z).
6
Let j be -1*1 - (-4)/1. Let h(u) be the second derivative of u**5/20 - 2*u**3/3 + 2*u**2 + 1239*u. Give h(j).
19
Let v(s) = 3*s - 4. Suppose 10*b = -33 - 267. Let c = -25 - b. What is v(c)?
11
Suppose 0 = -b - 5*t + 3, 2*b + 4 - 1 = -t. Let w(c) = c**2 - 2*c - 3. Give w(b).
5
Let k(o) = o**3 - o + 1. Let z be k(0). Let v(t) = -2*t**2 + 2*t - 1. What is v(z)?
-1
Let p(l) = 4*l - 3. Suppose 5*m - 291 = 2*n, 230 = 4*m - 2*n - n. Let o = -57 + m. What is p(o)?
5
Let h(c) = 12*c**3 + 6*c**2 + 6*c - 2. Let w(v) = -11*v**3 - 5*v**2 - 5*v + 2. Let t(p) = -6*h(p) - 7*w(p). Determine t(2).
32
Let a(f) = f**3 + 5*f**2 + 2*f + 1. Let d be (-2)/(-5) + (135/(-25))/1. Calculate a(d).
-9
Suppose -14 = d + 6*d. Let t(m) = -m - 2. Let o(p) be the first derivative of -p**2/2 - 2*p + 1. Let i(u) = d*t(u) + 3*o(u). Determine i(5).
-7
Let r(p) = 6*p - 2. Let i(f) = 5*f - 2. Let d(w) = -3*i(w) + 2*r(w). Let l be (-1 - 84)*-2*2/5. Let x = 66 - l. Calculate d(x).
8
Let n(d) = -16*d**2 - 25*d + 9. Let c(l) = -9*l**2 - 13*l + 4. Let q(g) = 7*c(g) - 4*n(g). Determine q(-9).
-8
Let h(u) = 2 + 10*u - 11*u - 4 - 2*u**2. Let k be ((8 - 2)/2)/(-1). Give h(k).
-17
Let i be ((-4)/2)/(-2)*-3. Let j(b) = -6*b**2 - 15*b + 8. Let g(d) = 2*d**2 + 5*d - 3. Let o(v) = 17*g(v) + 6*j(v). Calculate o(i).
-6
Let l(s) = 31*s + 24. Let f(y) = 25*y + 25. Let i(j) = 5*f(j) - 4*l(j). Determine i(-16).
13
Let u be (10/(-6) + 1)*-30. Suppose -4*h - 4*j + 36 = 0, -2*j + u = 2*j. Let r be ((3 - h) + 0)*1. Let c(v) = -11*v**3 + v**2 + v. Calculate c(r).
11
Let l(o) = o - 1. Let x be l(0). Let z(n) = n - 3 - 14*n**3 - 7 + 11 + 16*n**3. Give z(x).
-2
Suppose 0 = -5*n - 4*f - 34, n - 3*n - 8 = -4*f. Suppose 2 = -4*b + 18. Let w be 14/b - n/12. Let c(g) = -g**3 + 3*g**2 + 4*g - 1. Calculate c(w).
-1
Let x(u) = -36 + 69 - 34 + u**2 - 3*u + 2*u + 17*u**3. Determine x(-1).
-16
Let i(t) = -t**3 + 2*t**2 + 5*t - 3. Suppose -7 = 5*a - 5*r + 3, 4*a = -r + 7. Let z be 1 + a + -4 + -2 + 7. Determine i(z).
3
Let w be 1456/147 - (-6)/63. Let z(j) = -j**3 + 11*j**2 - 12*j + 17. What is z(w)?
-3
Let i(z) = z**3 - 9*z**2 - 11*z + 8. Let s be i(10). Let u(y) = -5*y**3 - 3*y**2 - y. Let q(b) = -b**3. Let l(m) = -3*q(m) + u(m). Give l(s).
6
Suppose -20 = -4*g - 8. Let r(q) be the first derivative of q**4/4 - 2*q**3/3 - q**2/2 + 4*q + 1. Calculate r(g).
10
Let r(c) be the first derivative of -c**2/2 - 11*c + 79. Let k = -17 - -12. Determine r(k).
-6
Let i(w) = w + 21. Let f be i(-13). Suppose 5*q = f + 12. Let d(l) = -4 - 3*l + 5*l - 5*l + q*l. Give d(3).
-1
Let r(d) be the first derivative of 2*d**2 - 15. Let i = 1 - -1. Let s(f) = -4*f - 1. Let z(y) = i*r(y) + 3*s(y). Determine z(-4).
13
Let o be 4/(-6) - 1/3. Let g(v) = -9*v**2 + v + 1. Let z(b) = b**2. Let l(r) = -r**3 + 6*r**2 + 9*r - 8. Let a be l(7). Let w(k) = a*z(k) + g(k). Give w(o).
-3
Let j(f) be the third derivative of f**6/120 - f**5/30 - 3*f**2. Suppose 0 = z - 2*a - 2, -z + 3*a + 3 + 1 = 0. Let o be ((-8)/(-4) - 4)/z. What is j(o)?
-1
Let y(i) = 2*i**2 - i + 2*i + 2 - 5*i**2. Let j(l) = l**3 + 3*l**2 - 5*l - 13. Let r be j(-3). What is y(r)?
-8
Let q(s) = 8*s + 2. Let f(n) = -2*n - 1. Let p(o) = -2*f(o) - q(o). Suppose g = -2*l - 0*g, -3 = -3*l - 3*g. Give p(l).
4
Let c(p) be the second derivative of p**4/12 - p**2/2 - 10*p + 5. Let i(k) = 5*k. Let b be i(1). Suppose -5*l + 3*h = 18, -4*h = b*l - 10*l - 19. What is c(l)?
8
Let t(n) = n - 7. Let w(l) = l - 6. Suppose 2*x + 0*x + d = 11, 2*x - d = 13. Let g(i) = x*w(i) - 5*t(i). Determine g(4).
3
Suppose -222*j + 30 = -228*j. Let r(s) = -2*s**2 - 4*s + 3. Calculate r(j).
-27
Let m(w) = w**3 + w**2 - w. Suppose -5*u - 5*a = -10, -5*a - 3 = u - 9. Let n be u*(-3 + -1 - -4). Determine m(n).
0
Let k(l) = 11*l + 6 - l - 4*l - 5*l. Give k(-13).
-7
Let w(u) = u**3 - 8*u**2 - 6*u + 4. Let y = 15 - 13. Let r(b) = 6*b**3 - 41*b**2 - 30*b + 21. Let h(a) = y*r(a) - 11*w(a). What is h(-5)?
-7
Let l(x) = x**2 + 13*x + 12. Let s be l(-14). Let d be s/117 - 16/(-9). Let v(g) = 7 + 1 + d*g - 1 + 0. Calculate v(-5).
-3
Let b(p) = -13*p**2 + 27*p - 13. Let v(i) = -3*i**2 + 7*i - 3. Let n = -108 - -99. Let w(q) = n*v(q) + 2*b(q). Calculate w(7).
-13
Let h(d) = 11*d**2 - 8 + 2*d + 2*d**3 - 4*d**2 - 3*d**3. Let i(u) = 4*u - 35. Let z be i(10). Suppose -4 = -2*n - z*k, 0 = -3*n - 0*n + k + 23. Calculate h(n).
6
Let t(n) = n**3 + 2*n - 1. Let z be -1*((-3)/6 - 1/2). Give t(z).
2
Let m(z) = -z**3 - 14*z**2 - 11*z - 4. Let p(q) = 2*q**2 + q + 1. Let c(w) = -m(w) - 4*p(w). Determine c(-4).
4
Let s(q) = -q**3 + 4*q**2 - 7*q + 5. Let c = -463 + 467. Give s(c).
-23
Let x(d) = d**3 - 3*d**2 + d + 5. Let b = 975 - 972. Give x(b).
8
Let d(o) = o**2 - 2*o - 1. Let v = 427 - 430. What is d(v)?
14
Let t(p) = -p**2. Let s(c) = -c**3 - 3*c**2 + 8*c + 3. Let r(a) = -s(a) - 2*t(a). Let n be (-221)/3*(1 + 2). Let g = n + 215. What is r(g)?
9
Let v(f) = -f**3 - 9*f**2 - 9*f - 7. Let c = -137 + 48. Let z = 81 + c. What is v(z)?
1
Suppose w - 3*w = z + 114, z = 2*w + 114. Let o be w/((-45)/12 - -3). Let x(p) = 76 + 6*p + p**2 - o. Give x(-5).
-5
Let v(g) = g - 27. Let o(u) = -u**2 - 61*u + 425. Let q be o(-67). Calculate v(q).
-4
Let j(u) = u**3 + 47*u**2 + 8*u + 3. Let i(b) = 7*b**2 + b + 1. Let x(t) = 6*i(t) - j(t). Calculate x(-4).
-5
Let d(b) be the first derivative of b**2/2 + 40*b + 6. Let y be d(-30). Let u(x) = -x**2 + 10*x + 3. Give u(y).
3
Let c(h) = 5*h**3 - 61 - 51 + 2*h**2 + 104 + 2*h. Let g(m) = -6*m**3 - 2*m**2 - 2*m + 9. Let u(w) = 7*c(w) + 6*g(w). What is u(3)?
-5
Let c(w) = -128 - 9*w + w**2 + 59 + 81. What is c(6)?
-6
Let u(i) = i - 1. Let y(c) = -3*c + 5. Let r(w) = -4*u(w) - y(w). Suppose 21*x - 49*x + 28 = 0. What is r(x)?
-2
Suppose 4*t = 7*t. Suppose 0 = -t*d - 